{"id":113,"date":"2018-12-07T17:41:34","date_gmt":"2018-12-07T16:41:34","guid":{"rendered":"http:\/\/kf.kolping-burgkirchen.de\/?page_id=113"},"modified":"2025-12-24T12:20:05","modified_gmt":"2025-12-24T11:20:05","slug":"jahresprogramm-der-kolpingfamilie-burgkirchen","status":"publish","type":"page","link":"http:\/\/kf.kolping-burgkirchen.de\/?page_id=113","title":{"rendered":"Jahresprogramm der Kolpingfamilie Burgkirchen"},"content":{"rendered":"\n<figure class=\"wp-block-table\"><table class=\"has-fixed-layout\"><tbody><tr><td colspan=\"2\"><strong>Januar&nbsp; 2026<\/strong><strong><\/strong><\/td><\/tr><tr><td>Freitag 23.01.26 18:00<\/td><td>Kegelabend und Brotzeit im Gasthaus Spirkl in Kastl &nbsp;<\/td><\/tr><\/tbody><\/table><\/figure>\n\n\n\n<figure class=\"wp-block-table\"><table class=\"has-fixed-layout\"><tbody><tr><td colspan=\"2\"><strong>Februar&nbsp; 2026<\/strong><strong><\/strong><\/td><\/tr><tr><td>Samstag 07.02.26 B\u00fcrgerzentrum &nbsp;<\/td><td>Wir besuchen das Faschingsbrettl der Piusbl\u00e4ser<\/td><\/tr><tr><td>Sonntag 22.02.26 ab 10:30 \u2013 13:00 Pfarrheim &nbsp;<\/td><td>Solidarit\u00e4tsessen: \u201eWer mit uns isst, macht andere satt!\u201c &nbsp;<\/td><\/tr><\/tbody><\/table><\/figure>\n\n\n\n<figure class=\"wp-block-table\"><table class=\"has-fixed-layout\"><tbody><tr><td colspan=\"2\"><strong>M\u00e4rz&nbsp; 2026<\/strong><strong><\/strong><\/td><\/tr><tr><td><strong>Dienstag 10.03.26 19:00<\/strong> <strong>GH Tettmann<\/strong> &nbsp;<\/td><td><strong>Mitgliederversammlung mit Ehrungen<\/strong> <strong>Jahresr\u00fcckblick und Neuwahl der Vorstandschaft.<\/strong> &nbsp;<\/td><\/tr><tr><td>Dienstag 17.03.26 19:00 St. Johann und Pfarrheim &nbsp;<\/td><td>Kreuzwegandacht mit den kath. Verb\u00e4nden und anschl. Vortrag: \u201eOma und Opa sind unersetzlich\u201c &nbsp;mit Hedwig Baier &nbsp;<\/td><\/tr><tr><td>Mittwoch 25.03. bis Samstag 28.03.26<\/td><td>Einkehrtage f\u00fcr M\u00e4nner im Klostergut Harpfetsham. Leitung: Martin Rasch. &nbsp;<\/td><\/tr><\/tbody><\/table><\/figure>\n\n\n\n<figure class=\"wp-block-table\"><table class=\"has-fixed-layout\"><tbody><tr><td colspan=\"2\"><strong>April&nbsp; 2026<\/strong><strong><\/strong><\/td><\/tr><tr><td>Ostermontag 06.04.26 13:00 Rathausplatz Bgk.<\/td><td>Emmausgang in Unterholzhausen mit Uschi Fischer. Anschlie\u00dfend Einkehr. &nbsp;<\/td><\/tr><tr><td>Freitag 17.04.26 Abfahrt 18:00 Rathausplatz Bgk. &nbsp;<\/td><td>Besichtigung: Museum Arbeiterwohnung Werkarbeitersiedlung in Garching und anschl. Einkehr. Beginn F\u00fchrung 18:30 in Garching Rathaus &nbsp;<\/td><\/tr><\/tbody><\/table><\/figure>\n\n\n\n<figure class=\"wp-block-table\"><table class=\"has-fixed-layout\"><tbody><tr><td colspan=\"2\"><strong>Mai&nbsp; 2026<\/strong><strong><\/strong><\/td><\/tr><tr><td>Freitag 01.05.26 06:00 &nbsp;<\/td><td>&nbsp; Wallfahrt Marienberg &nbsp;<\/td><\/tr><tr><td>&nbsp;<\/td><td>&nbsp;<\/td><\/tr><tr><td>Mittwoch 13.05.26 19:00 &nbsp;<\/td><td>Maiandacht bei Mayer am Eschelberg (Fam. Stadler) anschlie\u00dfend Einkehr &nbsp; &nbsp; &nbsp;<\/td><\/tr><\/tbody><\/table><\/figure>\n\n\n\n<figure class=\"wp-block-table\"><table class=\"has-fixed-layout\"><tbody><tr><td colspan=\"2\"><strong>Juni &nbsp;2026<\/strong><strong><\/strong><\/td><\/tr><tr><td>Donnerstag 04.06.26<\/td><td>&nbsp; Fronleichnamsprozession \u2013 wir sind mit dem Kolping-Altar mit dabei &nbsp;<\/td><\/tr><tr><td>12.06. 14.06.26<\/td><td>Vater-Kind-Wochenende &#8222;sagenhafte Bergwelt&#8220; am Hintersee\/Ramsau\/BGL Leitung: Klaus Huber<br>(Anmeldung Online \u00fcber Di\u00f6zesanverband Passau) &nbsp;<\/td><\/tr><tr><td>Samstag 13.06.26 19:00 Pfarrheim &nbsp;<\/td><td>Bella Italia: Die Kolpingjugend b\u00e4ckt Pizza f\u00fcr alle. Gem\u00fctliches Beisammensein. &nbsp; &nbsp;<\/td><\/tr><tr><td>Freitag 26.06.26 Abfahrt 18:00 Rathausplatz Bgk. &nbsp; &nbsp;<\/td><td>Irrlichter und Moorgeister Mystische Laterndl-Wanderung mit der Moorw\u00e4chterin im Ibmer Moor und Einkehr in der Jausenstation Seeleiten &nbsp; &nbsp;<\/td><\/tr><\/tbody><\/table><\/figure>\n\n\n\n<figure class=\"wp-block-table\"><table class=\"has-fixed-layout\"><tbody><tr><td colspan=\"2\"><strong>Juli&nbsp; 2026<\/strong><strong><\/strong><\/td><\/tr><tr><td>Sonntag 12.07.26 11:30 &nbsp;<\/td><td>Grillfest im Pfarrheimgarten. (Bei schlechtem Wetter im Pfarrheim) &nbsp; &nbsp;<\/td><\/tr><tr><td>Samstag 18.07.26 09:00 \u2013 16:00&nbsp;<\/td><td>B\u00fccherflohmarkt im B\u00fcrgerzentrum (ab 17:00 ben\u00f6tigen wir wieder viele flei\u00dfige Helfer zum Aufr\u00e4umen!) &nbsp;<\/td><\/tr><\/tbody><\/table><\/figure>\n\n\n\n<figure class=\"wp-block-table\"><table class=\"has-fixed-layout\"><tbody><tr><td colspan=\"2\"><strong>August&nbsp; 2026<\/strong><strong><\/strong><\/td><\/tr><tr><td>Mittwoch 05.08.26 14:30 &nbsp;<\/td><td>Seniorennachmittag in der Ranch.<\/td><\/tr><\/tbody><\/table><\/figure>\n\n\n\n<figure class=\"wp-block-table\"><table class=\"has-fixed-layout\"><tbody><tr><td colspan=\"2\"><strong>September&nbsp; 2026<\/strong><strong><\/strong><\/td><\/tr><tr><td>Samstag 12.09.26 Abfahrt 12:00 Rathausplatz Bgk.<\/td><td>Ausflug Besichtigung des Untersbergmuseums in Gr\u00f6dig F\u00fcrstenbrunn und der Marmorbr\u00fcche. Optional 30 Minuten Wanderung zu F\u00fcrstenbrunner Quelle. Anschlie\u00dfend Einkehr. &nbsp;<\/td><\/tr><tr><td>Sonntag 27.09.26 &nbsp;<\/td><td>Pfarrfest<\/td><\/tr><\/tbody><\/table><\/figure>\n\n\n\n<figure class=\"wp-block-table\"><table class=\"has-fixed-layout\"><tbody><tr><td colspan=\"2\"><strong>Oktober&nbsp; 2026<\/strong><strong><\/strong><\/td><\/tr><tr><td>Samstag 10.10.26 15:00<\/td><td>Betriebsbesichtigung Burgkirchner Wasserversorgung: Trinkwasserbrunnen und Aufbereitungsanlage im Kastler Forst &nbsp;<\/td><\/tr><tr><td>Dienstag 20.10.26 19:00 St. Johann und Pfarrheim &nbsp;<\/td><td>Oktoberrosenkranz zusammen mit den katholischen Verb\u00e4nden. Anschlie\u00dfend Vortrag von Diakon Zauner &nbsp;<\/td><\/tr><\/tbody><\/table><\/figure>\n\n\n\n<figure class=\"wp-block-table\"><table class=\"has-fixed-layout\"><tbody><tr><td colspan=\"2\"><strong>November&nbsp; 2026<\/strong><strong><\/strong><\/td><\/tr><tr><td>Samstag 14.11.26 14:30 Pfarrheim<\/td><td>\u201eKaffee und Kuchen\u201c f\u00fcr alle Jubilare mit rundem und halbrundem Geburtstag 2026 &nbsp;<\/td><\/tr><tr><td>Freitag 20.11.26 18:00 Schulk\u00fcche Holzen<\/td><td>\u201eDie M\u00e4nner kochen f\u00fcr die Frauen\u201c Kochkurs mit Edith Mayer (Anmeldung erforderlich) &nbsp;<\/td><\/tr><\/tbody><\/table><\/figure>\n\n\n\n<figure class=\"wp-block-table\"><table class=\"has-fixed-layout\"><tbody><tr><td colspan=\"2\"><strong>Dezember 2026<\/strong><strong><\/strong><\/td><\/tr><tr><td>Freitag 04.12.26 18:00 St. Johann &nbsp;<\/td><td>Abendgottesdienst zum Kolpinggedenktag anschlie\u00dfend Adventfeier im Pfarrheim &nbsp;<\/td><\/tr><\/tbody><\/table><\/figure>\n\n\n\n<p><strong>\u00c4nderungen vorbehalten!<\/strong><\/p>\n\n\n\n<p><strong>Bitte beachtet die Meldungen in der Tageszeitung und<\/strong><\/p>\n\n\n\n<p><strong>im Schaukasten vor St. Pius!<\/strong><\/p>\n\n\n\n<p>Das Veranstaltungsprogramm des Di\u00f6zesanverbandes wird euch mit der Post zugeschickt. Anmeldungen daf\u00fcr bitte unter:<\/p>\n\n\n\n<p>Telefon:&nbsp; &nbsp;&nbsp;&nbsp;&nbsp;&nbsp;&nbsp;&nbsp; 0851\/393-7361 oder<\/p>\n\n\n\n<p>E-Mail:&nbsp;&nbsp;&nbsp;&nbsp;&nbsp;&nbsp;&nbsp;&nbsp;&nbsp;&nbsp;&nbsp; <a href=\"mailto:kolping@bistum-passau.de\">kolping@bistum-passau.de<\/a><\/p>\n\n\n\n<p>Bitte merkt euch auch folgende Termine vor:<\/p>\n\n\n\n<p><strong>14.- 16.05.2026 Fahrt zum Katholikentag nach W\u00fcrzburg<\/strong><\/p>\n\n\n\n<p><strong>03.10.2026 Kolping Landeswallfahrt nach Freising<\/strong><\/p>\n\n\n\n<p><em>Wir hoffen, dass wir wieder ein f\u00fcr Euch alle interessantes Programm<\/em><\/p>\n\n\n\n<p><em>zusammenstellen konnten und freuen uns<\/em><\/p>\n\n\n\n<p><em>auf Eure zahlreiche Teilnahme.<\/em><\/p>\n\n\n\n<p><em>&nbsp;&nbsp;&nbsp;&nbsp;&nbsp;&nbsp;&nbsp;&nbsp; Euer Vorstandsteam<\/em><\/p>\n","protected":false},"excerpt":{"rendered":"<p>Januar&nbsp; 2026 Freitag 23.01.26 18:00 Kegelabend und Brotzeit im Gasthaus Spirkl in Kastl &nbsp; Februar&nbsp; 2026 Samstag 07.02.26 B\u00fcrgerzentrum &nbsp; Wir besuchen das Faschingsbrettl der Piusbl\u00e4ser Sonntag 22.02.26 ab 10:30 \u2013 13:00 Pfarrheim &nbsp; Solidarit\u00e4tsessen: \u201eWer mit uns isst, macht andere satt!\u201c &nbsp; M\u00e4rz&nbsp; 2026 Dienstag 10.03.26 19:00 GH Tettmann &nbsp; Mitgliederversammlung mit Ehrungen Jahresr\u00fcckblick und Neuwahl der Vorstandschaft. &nbsp; Dienstag 17.03.26 19:00 St. Johann und Pfarrheim &nbsp; Kreuzwegandacht mit den kath. Verb\u00e4nden und anschl. Vortrag: \u201eOma und Opa sind&#8230;<\/p>\n<p class=\"read-more\"><a class=\"btn btn-default\" href=\"http:\/\/kf.kolping-burgkirchen.de\/?page_id=113\">Weiterlesen<span class=\"screen-reader-text\"> Weiterlesen<\/span><\/a><\/p>\n","protected":false},"author":1,"featured_media":0,"parent":0,"menu_order":0,"comment_status":"closed","ping_status":"closed","template":"","meta":{"footnotes":""},"class_list":["post-113","page","type-page","status-publish","hentry"],"_links":{"self":[{"href":"http:\/\/kf.kolping-burgkirchen.de\/index.php?rest_route=\/wp\/v2\/pages\/113","targetHints":{"allow":["GET"]}}],"collection":[{"href":"http:\/\/kf.kolping-burgkirchen.de\/index.php?rest_route=\/wp\/v2\/pages"}],"about":[{"href":"http:\/\/kf.kolping-burgkirchen.de\/index.php?rest_route=\/wp\/v2\/types\/page"}],"author":[{"embeddable":true,"href":"http:\/\/kf.kolping-burgkirchen.de\/index.php?rest_route=\/wp\/v2\/users\/1"}],"replies":[{"embeddable":true,"href":"http:\/\/kf.kolping-burgkirchen.de\/index.php?rest_route=%2Fwp%2Fv2%2Fcomments&post=113"}],"version-history":[{"count":65,"href":"http:\/\/kf.kolping-burgkirchen.de\/index.php?rest_route=\/wp\/v2\/pages\/113\/revisions"}],"predecessor-version":[{"id":871,"href":"http:\/\/kf.kolping-burgkirchen.de\/index.php?rest_route=\/wp\/v2\/pages\/113\/revisions\/871"}],"wp:attachment":[{"href":"http:\/\/kf.kolping-burgkirchen.de\/index.php?rest_route=%2Fwp%2Fv2%2Fmedia&parent=113"}],"curies":[{"name":"wp","href":"https:\/\/api.w.org\/{rel}","templated":true}]}}

<figure class="wp-block-table"><table class="has-fixed-layout"><tbody><tr><td colspan="2"><strong>Januar&nbsp; 2026</strong><strong></strong></td></tr><tr><td>Freitag 23.01.26 18:00</td><td>Kegelabend und Brotzeit im Gasthaus Spirkl in Kastl &nbsp;</td></tr></tbody></table></figure>



<figure class="wp-block-table"><table class="has-fixed-layout"><tbody><tr><td colspan="2"><strong>Februar&nbsp; 2026</strong><strong></strong></td></tr><tr><td>Samstag 07.02.26 Bürgerzentrum &nbsp;</td><td>Wir besuchen das Faschingsbrettl der Piusbläser</td></tr><tr><td>Sonntag 22.02.26 ab 10:30 – 13:00 Pfarrheim &nbsp;</td><td>Solidaritätsessen: „Wer mit uns isst, macht andere satt!“ &nbsp;</td></tr></tbody></table></figure>



<figure class="wp-block-table"><table class="has-fixed-layout"><tbody><tr><td colspan="2"><strong>März&nbsp; 2026</strong><strong></strong></td></tr><tr><td><strong>Dienstag 10.03.26 19:00</strong> <strong>GH Tettmann</strong> &nbsp;</td><td><strong>Mitgliederversammlung mit Ehrungen</strong> <strong>Jahresrückblick und Neuwahl der Vorstandschaft.</strong> &nbsp;</td></tr><tr><td>Dienstag 17.03.26 19:00 St. Johann und Pfarrheim &nbsp;</td><td>Kreuzwegandacht mit den kath. Verbänden und anschl. Vortrag: „Oma und Opa sind unersetzlich“ &nbsp;mit Hedwig Baier &nbsp;</td></tr><tr><td>Mittwoch 25.03. bis Samstag 28.03.26</td><td>Einkehrtage für Männer im Klostergut Harpfetsham. Leitung: Martin Rasch. &nbsp;</td></tr></tbody></table></figure>



<figure class="wp-block-table"><table class="has-fixed-layout"><tbody><tr><td colspan="2"><strong>April&nbsp; 2026</strong><strong></strong></td></tr><tr><td>Ostermontag 06.04.26 13:00 Rathausplatz Bgk.</td><td>Emmausgang in Unterholzhausen mit Uschi Fischer. Anschließend Einkehr. &nbsp;</td></tr><tr><td>Freitag 17.04.26 Abfahrt 18:00 Rathausplatz Bgk. &nbsp;</td><td>Besichtigung: Museum Arbeiterwohnung Werkarbeitersiedlung in Garching und anschl. Einkehr. Beginn Führung 18:30 in Garching Rathaus &nbsp;</td></tr></tbody></table></figure>



<figure class="wp-block-table"><table class="has-fixed-layout"><tbody><tr><td colspan="2"><strong>Mai&nbsp; 2026</strong><strong></strong></td></tr><tr><td>Freitag 01.05.26 06:00 &nbsp;</td><td>&nbsp; Wallfahrt Marienberg &nbsp;</td></tr><tr><td>&nbsp;</td><td>&nbsp;</td></tr><tr><td>Mittwoch 13.05.26 19:00 &nbsp;</td><td>Maiandacht bei Mayer am Eschelberg (Fam. Stadler) anschließend Einkehr &nbsp; &nbsp; &nbsp;</td></tr></tbody></table></figure>



<figure class="wp-block-table"><table class="has-fixed-layout"><tbody><tr><td colspan="2"><strong>Juni &nbsp;2026</strong><strong></strong></td></tr><tr><td>Donnerstag 04.06.26</td><td>&nbsp; Fronleichnamsprozession – wir sind mit dem Kolping-Altar mit dabei &nbsp;</td></tr><tr><td>12.06. 14.06.26</td><td>Vater-Kind-Wochenende &#8222;sagenhafte Bergwelt&#8220; am Hintersee/Ramsau/BGL Leitung: Klaus Huber<br>(Anmeldung Online über Diözesanverband Passau) &nbsp;</td></tr><tr><td>Samstag 13.06.26 19:00 Pfarrheim &nbsp;</td><td>Bella Italia: Die Kolpingjugend bäckt Pizza für alle. Gemütliches Beisammensein. &nbsp; &nbsp;</td></tr><tr><td>Freitag 26.06.26 Abfahrt 18:00 Rathausplatz Bgk. &nbsp; &nbsp;</td><td>Irrlichter und Moorgeister Mystische Laterndl-Wanderung mit der Moorwächterin im Ibmer Moor und Einkehr in der Jausenstation Seeleiten &nbsp; &nbsp;</td></tr></tbody></table></figure>



<figure class="wp-block-table"><table class="has-fixed-layout"><tbody><tr><td colspan="2"><strong>Juli&nbsp; 2026</strong><strong></strong></td></tr><tr><td>Sonntag 12.07.26 11:30 &nbsp;</td><td>Grillfest im Pfarrheimgarten. (Bei schlechtem Wetter im Pfarrheim) &nbsp; &nbsp;</td></tr><tr><td>Samstag 18.07.26 09:00 – 16:00&nbsp;</td><td>Bücherflohmarkt im Bürgerzentrum (ab 17:00 benötigen wir wieder viele fleißige Helfer zum Aufräumen!) &nbsp;</td></tr></tbody></table></figure>



<figure class="wp-block-table"><table class="has-fixed-layout"><tbody><tr><td colspan="2"><strong>August&nbsp; 2026</strong><strong></strong></td></tr><tr><td>Mittwoch 05.08.26 14:30 &nbsp;</td><td>Seniorennachmittag in der Ranch.</td></tr></tbody></table></figure>



<figure class="wp-block-table"><table class="has-fixed-layout"><tbody><tr><td colspan="2"><strong>September&nbsp; 2026</strong><strong></strong></td></tr><tr><td>Samstag 12.09.26 Abfahrt 12:00 Rathausplatz Bgk.</td><td>Ausflug Besichtigung des Untersbergmuseums in Grödig Fürstenbrunn und der Marmorbrüche. Optional 30 Minuten Wanderung zu Fürstenbrunner Quelle. Anschließend Einkehr. &nbsp;</td></tr><tr><td>Sonntag 27.09.26 &nbsp;</td><td>Pfarrfest</td></tr></tbody></table></figure>



<figure class="wp-block-table"><table class="has-fixed-layout"><tbody><tr><td colspan="2"><strong>Oktober&nbsp; 2026</strong><strong></strong></td></tr><tr><td>Samstag 10.10.26 15:00</td><td>Betriebsbesichtigung Burgkirchner Wasserversorgung: Trinkwasserbrunnen und Aufbereitungsanlage im Kastler Forst &nbsp;</td></tr><tr><td>Dienstag 20.10.26 19:00 St. Johann und Pfarrheim &nbsp;</td><td>Oktoberrosenkranz zusammen mit den katholischen Verbänden. Anschließend Vortrag von Diakon Zauner &nbsp;</td></tr></tbody></table></figure>



<figure class="wp-block-table"><table class="has-fixed-layout"><tbody><tr><td colspan="2"><strong>November&nbsp; 2026</strong><strong></strong></td></tr><tr><td>Samstag 14.11.26 14:30 Pfarrheim</td><td>„Kaffee und Kuchen“ für alle Jubilare mit rundem und halbrundem Geburtstag 2026 &nbsp;</td></tr><tr><td>Freitag 20.11.26 18:00 Schulküche Holzen</td><td>„Die Männer kochen für die Frauen“ Kochkurs mit Edith Mayer (Anmeldung erforderlich) &nbsp;</td></tr></tbody></table></figure>



<figure class="wp-block-table"><table class="has-fixed-layout"><tbody><tr><td colspan="2"><strong>Dezember 2026</strong><strong></strong></td></tr><tr><td>Freitag 04.12.26 18:00 St. Johann &nbsp;</td><td>Abendgottesdienst zum Kolpinggedenktag anschließend Adventfeier im Pfarrheim &nbsp;</td></tr></tbody></table></figure>



<p><strong>Änderungen vorbehalten!</strong></p>



<p><strong>Bitte beachtet die Meldungen in der Tageszeitung und</strong></p>



<p><strong>im Schaukasten vor St. Pius!</strong></p>



<p>Das Veranstaltungsprogramm des Diözesanverbandes wird euch mit der Post zugeschickt. Anmeldungen dafür bitte unter:</p>



<p>Telefon:&nbsp; &nbsp;&nbsp;&nbsp;&nbsp;&nbsp;&nbsp;&nbsp; 0851/393-7361 oder</p>



<p>E-Mail:&nbsp;&nbsp;&nbsp;&nbsp;&nbsp;&nbsp;&nbsp;&nbsp;&nbsp;&nbsp;&nbsp; <a href="mailto:kolping@bistum-passau.de">kolping@bistum-passau.de</a></p>



<p>Bitte merkt euch auch folgende Termine vor:</p>



<p><strong>14.- 16.05.2026 Fahrt zum Katholikentag nach Würzburg</strong></p>



<p><strong>03.10.2026 Kolping Landeswallfahrt nach Freising</strong></p>



<p><em>Wir hoffen, dass wir wieder ein für Euch alle interessantes Programm</em></p>



<p><em>zusammenstellen konnten und freuen uns</em></p>



<p><em>auf Eure zahlreiche Teilnahme.</em></p>



<p><em>&nbsp;&nbsp;&nbsp;&nbsp;&nbsp;&nbsp;&nbsp;&nbsp; Euer Vorstandsteam</em></p>

<p>Januar&nbsp; 2026 Freitag 23.01.26 18:00 Kegelabend und Brotzeit im Gasthaus Spirkl in Kastl &nbsp; Februar&nbsp; 2026 Samstag 07.02.26 Bürgerzentrum &nbsp; Wir besuchen das Faschingsbrettl der Piusbläser Sonntag 22.02.26 ab 10:30 – 13:00 Pfarrheim &nbsp; Solidaritätsessen: „Wer mit uns isst, macht andere satt!“ &nbsp; März&nbsp; 2026 Dienstag 10.03.26 19:00 GH Tettmann &nbsp; Mitgliederversammlung mit Ehrungen Jahresrückblick und Neuwahl der Vorstandschaft. &nbsp; Dienstag 17.03.26 19:00 St. Johann und Pfarrheim &nbsp; Kreuzwegandacht mit den kath. Verbänden und anschl. Vortrag: „Oma und Opa sind&#8230;</p>
<p class="read-more"><a class="btn btn-default" href="http://kf.kolping-burgkirchen.de/?page_id=113">Weiterlesen<span class="screen-reader-text"> Weiterlesen</span></a></p>
